ided by 33.
31
Suppose -16*f - 538 = -2682. Calculate the remainder when f is divided by 40.
14
Suppose -95 = -3*w - 5*m - 25, 50 = 3*w - 5*m. What is the remainder when 433 is divided by w?
13
Suppose 4*d - 513 = x - 10, -249 = -2*d + x. Suppose 8*h = -0*h + 24. Suppose h*y - d = -37. Calculate the remainder when y is divided by 8.
6
Let x = -136 - -389. Calculate the remainder when x is divided by 68.
49
Let h = 1353 + -1320. Calculate the remainder when 60 is divided by h.
27
Suppose -9*z = -5*z + 5*x - 99, -5*x - 109 = -4*z. What is the remainder when 54 is divided by z?
2
Let y(m) = -m + 25. Let z = 64 - 48. Calculate the remainder when 44 is divided by y(z).
8
Let g = 13 - 10. What is the remainder when (-3)/3*7*-1 is divided by 1*(g + 2 + -3)?
1
Suppose -2*g + 4*l = -122, 9*g - 4*g = l + 296. Calculate the remainder when g is divided by 3.
2
Suppose 5 = 5*r, -2*k + 0*r + 5*r + 9 = 0. What is the remainder when k is divided by 3?
1
Suppose -84*u + 3 = -81*u. Calculate the remainder when 1 is divided by u.
0
Let i(c) = c**2 + 2*c - 1. Let m be i(1). Suppose 2*w - m = 12. What is the remainder when 24 is divided by w?
3
Suppose -96 = -4*t - 2*c + 22, -t - 3*c + 32 = 0. What is the remainder when t is divided by 3?
2
Let c be (76/10)/(10/50). Suppose -3*w + k = -5*w + c, k - 57 = -3*w. Suppose 61 - w = 3*r. Calculate the remainder when r is divided by 4.
2
Let x = 8 - 14. Let p(o) = -o**2 - o. Let q be p(x). Calculate the remainder when 27 is divided by (5/(-3))/5*q.
7
Let s(q) be the third derivative of q**5/60 + 2*q**3/3 - 3*q**2. Let j be s(3). Let k = 47 + j. What is the remainder when k is divided by 21?
18
Let s = 268 - 220. What is the remainder when s is divided by 9?
3
Let v(c) = -c**2 + 21*c - 14. Calculate the remainder when 218 is divided by v(6).
66
Let p(c) = -12*c**3 - 5*c**2 - 6*c + 2. What is the remainder when p(-2) is divided by 29?
3
Suppose -6*n + 0*n + 78 = 0. Suppose -2*c - 46 = -4*c. What is the remainder when c is divided by n?
10
Let s be (9/27)/((-1)/(-12)). Suppose -14 = -p + 2*k, -20 = -p + 4*k + s. What is the remainder when 5 is divided by p?
1
Let g(r) = -5*r + 17. Let c be g(-6). Let i = 1 + c. What is the remainder when i is divided by 17?
14
Let v(u) = -u**3 - 5*u**2 - u + 6. Let m be v(-4). Let a(g) = -g + 20. What is the remainder when 77 is divided by a(m)?
25
Let t(r) = -r - 1. Let d = 326 + -286. Calculate the remainder when d is divided by t(-7).
4
Let x = -118 + 124. Suppose 0 = -x*l + 8*l - v - 39, -2*l + 21 = 5*v. Calculate the remainder when 35 is divided by l.
17
Suppose 3*d - 30 = -3*z, 2*d + 3*z - 41 = -2*d. Let b be (1 - (-3 + 4))/2. Let y(j) = j**2 + 3. What is the remainder when d is divided by y(b)?
2
Let l be (-10)/(-1)*(-14 + 16). What is the remainder when l/(-4) + 4 + 2 + 47 is divided by 26?
22
Let y(h) = 2*h**2 + 2*h + 3. Suppose 55*j = 78*j - 207. What is the remainder when y(-3) is divided by j?
6
Let h = -145 - -253. Suppose 2*l - h = -0*l. Calculate the remainder when l is divided by (-3)/2*76/(-6).
16
Suppose -2*k + 4*k - 170 = -5*x, 8 = 4*x. Calculate the remainder when 238 is divided by k.
78
Let u = 673 + -1821. Calculate the remainder when u/(-49) - (-6)/(-14) is divided by 12.
11
Suppose -10 = 5*f + 20. Let b = f - -21. Calculate the remainder when (37/5 - 2)*5 is divided by b.
12
Suppose 5*v + 9 = 44. Let s be 1 + -100 + 4 + 0. Let y = -93 - s. Calculate the remainder when v is divided by y.
1
Calculate the remainder when ((-130)/(-3))/(74/222) is divided by 44.
42
Suppose d - 42 = -h - h, -5*h = 4*d - 171. What is the remainder when d is divided by 9?
8
Suppose -10*u = -14*u + 20. Suppose -5*b + 28 = -2*l, 3*b + 1 = u*l + 14. What is the remainder when 13 is divided by b?
1
Suppose 0 = -q + 78 - 7. Suppose 3*z = -4*l - 87, 0*l - l + 4*z + 2 = 0. Let k = 0 - l. What is the remainder when q is divided by k?
17
Let t = -62 - -67. Suppose -2 - 4 = -d + y, -t*d - y + 12 = 0. Calculate the remainder when 13 is divided by d.
1
Suppose -268 = -4*u + 3*b, -4*b + 3*b = -3*u + 196. Calculate the remainder when u is divided by 6.
4
Suppose a - 14 = 3*a + 3*m, 3*a - 5*m - 17 = 0. Calculate the remainder when (6/3*-1)/a is divided by 2/3 - 2/(-6).
0
Let h be 2/(-4) + (-2)/4. Suppose -c = -5*r - 13, 5*c + 4*r = 131 - 8. What is the remainder when (-1)/(-2)*h*-86 is divided by c?
20
Suppose -4*b + 125 = -n, b + 90 = 4*b - 2*n. What is the remainder when 350 is divided by b?
30
Suppose -6 = 2*m + 2*p, 0*m = 2*m + 4*p + 16. Suppose -a - 31 = -y, 0 = y - a + m*a - 37. Let s = -13 + 22. What is the remainder when y is divided by s?
7
Let l = -422 - -453. Calculate the remainder when 56 is divided by l.
25
Let y be -12 - -1 - (-5)/5. Let o = -1 - y. What is the remainder when -2 + 3 - (4 + -18) is divided by o?
6
Calculate the remainder when -4 + (-84)/(-15)*15/6 is divided by 2.
0
Let x(q) = q**2 + 5*q - 1. Let l be x(-6). Let v(i) = i**2 - i - 6. What is the remainder when 97 is divided by v(l)?
13
Suppose 3*n = 2*f + 285, -3*f - 176 = -4*n + 204. Suppose 77 + n = 4*u. What is the remainder when u is divided by 64/6 - 5/(-15)?
10
Let d = -1131 + 1167. What is the remainder when 55 is divided by d?
19
Let v(y) = -13*y - 1. Suppose -n + 16 = 3*n. Suppose -m - 3 = z + m, -n*m = -3*z + 21. Calculate the remainder when v(-1) is divided by z.
0
Let q(x) = 2*x - 20. Let p(h) = h - 20. Let y(j) = 5*p(j) - 4*q(j). Calculate the remainder when 184 is divided by y(-17).
29
Let u be 14/10 - 36/(-60). Let c(f) = 5*f - 7. Calculate the remainder when 13 is divided by c(u).
1
Suppose 2*a - 50 = -2*x, 0 = a + 3*a + x - 91. Calculate the remainder when 99/(-2)*(a/(-6) + 3) is divided by 7.
5
Suppose 14 = -c + 3. Suppose 105 = -47*i + 54*i. Let j = c + i. What is the remainder when 7 is divided by j?
3
Let d = 2058 + -2054. What is the remainder when (-4)/(-16) - (-119)/4 is divided by d?
2
Let s = 26 - 12. Let f(t) = 10*t + 55. Let d be f(-7). What is the remainder when (-164)/(-6)*(-4)/(40/d) is divided by s?
13
Let m(a) = -39*a + 374. What is the remainder when 428 is divided by m(8)?
56
Suppose -6*a = 4*l - 2*a - 8, -2*a = 0. Suppose -1 = -3*f - g, 0 = 3*f - l*f + 3*g - 3. Suppose f*t - 16 = -t. Calculate the remainder when t is divided by 6.
4
Let l be (7/(-14))/((-1)/20). Suppose l*h = 5*h + 65. Let y(p) = p**3 - 6*p**2 - p - 4. Calculate the remainder when y(7) is divided by h.
12
Let z be (-3)/(-12) + (-110)/(-8). Let g = z + 0. Suppose d + 16 = 5*d. What is the remainder when g is divided by d?
2
Suppose 5*r + 2*l = 129, 5*l - 2*l + 94 = 4*r. What is the remainder when 122 is divided by r?
22
Suppose 7 = v + 3. What is the remainder when 8/(-28) - 176/(-28) is divided by v?
2
Suppose 0 = 4*i - 3*f - 229, -5*i = -f - 4 - 296. Suppose -3*t + 2*t + 4 = -5*z, -t - 4 = 3*z. What is the remainder when i is divided by 247/13 + (-4 - z)?
13
What is the remainder when (-4)/(-10) - ((-1224)/40 - -5) is divided by 4?
2
Let z = -16 - -30. Let r be (-4)/(-22) - (-84)/22. Suppose -r*i + 0*i = -5*h - 155, -4*i - 4*h = -164. Calculate the remainder when i is divided by z.
12
Suppose -17*p + 30498 = 9*p. What is the remainder when p is divided by 14?
11
Suppose 6*g = 3*g + 21. Let z(w) = 11*w + 212. What is the remainder when g is divided by z(-19)?
1
Let l = -30 - -33. Suppose 4*u - a = 3*a + 212, 5*a = -l*u + 143. Calculate the remainder when u is divided by 14.
9
Suppose -3*r + 117 = 15. Calculate the remainder when r is divided by (-48)/(-9) + -4 - 69/(-9).
7
Let s(y) = -223*y - 16. What is the remainder when s(-2) is divided by 18?
16
Suppose -11*k = 373 - 1462. Calculate the remainder when k is divided by 35.
29
Let b(l) = 5*l**2 - 40*l + 5. Let u be b(9). Suppose 0*g - 64 = -3*c + 4*g, g - u = -2*c. Calculate the remainder when 167 is divided by c.
23
Suppose 12*f - 20 = 7*f. Suppose -h - 246 = -f*h. What is the remainder when h is divided by 21?
19
Let g(h) = h**2 + 50*h + 460. Let t(v) = 87*v**3 - v + 1. Calculate the remainder when t(1) is divided by g(-39).
25
Let d(y) = 4*y - 3. Let g(m) = m - 1. Let i(h) = d(h) + g(h). What is the remainder when 43 is divided by i(3)?
10
Suppose 1232 = 7*i - 0*i. What is the remainder when i is divided by 2?
0
Suppose 30 = y - 29. Let z(q) = q**3 - 4*q**2 - q. Let 